-24).
52
Evaluate 11 + (5 + 2 - ((0 - -8) + 206 + -227)).
31
What is the value of 23 + (-6 + -1 - -17 - 30)?
3
-143 + 53 - (-284 + 285 + (1 - (1 - 3)))
-94
What is 1947 + -1931 + (-2 - 0 - (4 - 2)) - 5?
7
54 + (-5 + -34 - -29 - (1 - -1))
42
-9 + -16 + 30 - (100 - (9 + -4))
-90
64 + 3 + (-11 + 17 - 12)
61
2 - (-1 + 2 + 15) - (14734 + -14760)
12
What is -37 - (17 + -88 + 38 - -121)?
-125
What is the value of 73 - (43 + (-55 - -52))?
33
Calculate -69 + (270 - 153) + -40 + -1.
7
What is the value of (-58 - -16) + 32 - 18 - (2 - 2 - 2)?
-26
(-87 + 99 - -51) + 2
65
What is 42 + -108 + 8 + 84?
26
What is the value of (-66 + 81 - -45) + -70?
-10
What is 25 - (93 - 96) - 107?
-79
What is (7 - (-4 - ((-10 - -16) + -5))) + 19?
31
Evaluate -259 + 298 + -68 + -4.
-33
Calculate 50 - 0 - (-51 + (12 - -52)).
37
Evaluate -1 + (18 - (-24 - -26 - -6)).
9
What is -333 + 330 - (3 + -49 + 5)?
38
18 + 1 + -18 + 14 + 60 + -29
46
What is the value of -3 + 2 + (-39 - 8)?
-48
What is (-14 - (8 - (3 + (-4 - -29)))) + (49 - 1)?
54
Evaluate (-12 - (-20 + 22)) + 21 - 29.
-22
What is 1 + 13 + -93 + (-99 - -104)?
-74
What is the value of (239 - (312 + -71)) + (-32 - 1)?
-35
What is the value of -84 - (-189 + 120) - -66?
51
Evaluate 0 - ((-1 - 17) + (9 - (26 + -16))).
19
What is the value of -18 + (-8 - (-7 + -3)) + -42 + 47?
-11
Calculate 34 - (-1 + (-37 - 4) - -25).
51
Calculate -65 + (-1 - 13) + (-2 + 2 - -3).
-76
Calculate 39 + -25 - (13 - (-11 + 10)).
0
Calculate -4 + 51 + -28 + 45 + -7.
57
Evaluate 79 - (2 + -70 + (62 - 31)).
116
What is 0 + -18 + (-22 - -104 - 50) - 79?
-65
Evaluate 0 - (-24 + (11 - 8) + -7 + 8).
20
What is the value of -13 + 4 + -1 + (4 - 17) + -15 + 5?
-33
Calculate -73 + 45 + (32 - 32) - 2.
-30
What is the value of 2 + -29 + -896 + 953?
30
2 + (-2 - (-6 - -2)) - (-149 + (54 - 15))
114
Evaluate -182 + (-99 - -133) + 162.
14
What is the value of 26 + 8 - (-13 + (135 - -2))?
-90
Calculate 17 - (21 + -2 + (-45 - (3 + 16))).
62
What is -1 - -1 - (50 - -3 - (-128 - -124))?
-57
(0 + -25 + 0 - -15) + -6 + 18
2
What is the value of -30 + 21 + (4 - -79 - 15)?
59
Evaluate 29 - (31 + 1) - (0 - 10).
7
23 + -5 + 1 + -15 + (-4 - -12) + 7
19
What is 121 - -1 - (-1001 - -1013)?
110
109 + 16 + -11 - 10
104
Evaluate (13 - (6 + -8)) + (-12 - 35).
-32
What is (36 - (15 - -11) - 37) + 0 + -14?
-41
Calculate 208 - 251 - (-2 + 6 - 0).
-47
What is (-2 - 13) + 7 + (15 + -17 - 11)?
-21
Evaluate -26 + 3 + (-19 + 4 - (-49 + 22)).
-11
What is 371 - 318 - (1 + 34)?
18
What is the value of -70 - -115 - (23 + 5)?
17
What is the value of (0 - -12) + -2 + 17 - -3?
30
25 + (-35 - -40) + -49
-19
What is the value of -12 - (50 - (1 + (-54 - -9)))?
-106
Evaluate -150 + 173 + (-2 - 1) + -5 + (8 - 11).
12
Evaluate (1 - -76) + (1602 - 1689).
-10
What is the value of (13 - -4) + 20 + -51 + (-31 - 0)?
-45
What is 10 - ((-5 - 18) + 16) - (8 - (18 + -7))?
20
Calculate -1 + -7 + (-1453 - -1454) - 23.
-30
Calculate -32 - -7 - -4 - (5 - 7) - (-1 + -1).
-17
What is the value of -5 + -73 - (3337 - 3328)?
-87
-3 + -9 - (-1 - 6 - (727 - 757))
-35
What is the value of 63 + 0 - (-1310 - -1330)?
43
What is the value of 0 + 3 + -5 + -14434 + 14408?
-28
-13 + -17 + 5 + 30 + 63 + -1 + -2
65
(-4 - (-28 + -4)) + (-4133 - -4158)
53
41 + ((-37 - -21) + 0 - -10)
35
-24 - (-8 + -49) - 75
-42
Calculate (28 - (-128 + 171)) + 6 + (2 - 2).
-9
What is -57 - (1 + -10 - (35 + -43 - -11))?
-45
Evaluate (-4 + 5 + -23 - (-651 + 644)) + 127.
112
What is the value of -2 - (2 + 41) - (-19 + 9 + 22 + -18)?
-39
What is -19 + 52 - (10 + 6) - 15?
2
Evaluate -15 + -17 + 54 - (9 + -20).
33
What is the value of 123 - (94 + -14) - -7?
50
Evaluate -30 - (-38 - 23) - 20 - -22.
33
What is -186 + 290 + -122 + (3 - 9) + -1?
-25
Evaluate 3 - -35 - (49 + -24) - (25 - -2).
-14
What is 14 + 12 + -26 + (19 - 8)?
11
What is the value of -50 - ((29 - (5 - -20)) + -15)?
-39
What is the value of -4 - 1 - (11 - (37 - 27 - (8 + 10)))?
-24
What is the value of -79 + (7 + -14 + 7 - (21 - 11))?
-89
What is the value of (-705 - -705 - (-24 + 1)) + 37?
60
What is the value of -362 - -262 - (-10 + -5)?
-85
What is (-9 + -35 + 1 - (-11 + 8)) + -15?
-55
-2 + 17 + (155 - 165 - (3 + -1))
3
What is 872 - 892 - (-19 + -1) - -35?
35
(7 - -4) + (44 - (-24 + 16) - (3 - 2))
62
What is -2 - (56 - (-68 - -109))?
-17
Evaluate 1 + -13 - (-306 - (-19 - 309)).
-34
83 - (14 - 97) - 80
86
(-95 - 7) + (-586 - -634)
-54
Evaluate -134 + (2 - -123) + (-16 - -1).
-24
What is -1 + 3 - (-2674 + 2654)?
22
Evaluate (15 - (15 + -6 + -2)) + 57 + -120.
-55
Evaluate (-62 - (-64 - 12)) + -45.
-31
(-20 - -11 - 16) + 14 - (-20 + 4)
5
What is the value of -15 + 75 + -82 - (1 - -26)?
-49
What is the value of -185 + (4 - -91) - 15?
-105
Calculate 28 - ((30 - 1) + 203 + -218) - -61.
75
Calculate -1 + -11 - (3 + 0) - (-1900 - -1918).
-33
What is (21 - 35) + -21 - (-5 - -4)?
-34
What is the value of 95 - (151 + -32 + 53)?
-77
Calculate -75 + 14 + (93 + -117 - (3 + -6 - -3)).
-85
Calculate -31 - ((10 - -20 - 13) + -155).
107
Calculate 31 - 28 - (15 - 2 - -2) - 17.
-29
Calculate 12 - (-15 + 1 + -14 + (-150 - -169)).
21
What is the value of (72 - 23) + (26 - 34)?
41
Evaluate 15 + (18 - 10) + -23 + (-7 - 6) - 7.
-20
What is the value of (-30 - -10) + 17 + 6 + 20?
23
What is -9 + (-2 - (-8 - -9)) + -65 + (17 - 10)?
-70
Evaluate 0 + 1 + -46 + -17 + 45 - (8 - 9).
-16
14 + -18 + 1 + 6 + -9
-6
What is the value of (8 - 1) + 4 - (51 - (-2 + 2 + 11))?
-29
What is (27 - -8) + -45 + -9 + 12?
-7
What is the value of -1 - -106 - (5320 - 5241)?
26
-46 + -22 + -1 + 103 + -41
-7
Evaluate -56 - (10 + -95) - (4 + (13 - 2) + 0).
14
What is (121 - 130 - (13 - (1 + -2 + 4))) + 7?
-12
Calculate (-49 - -83) + 20 - (-21 + -6).
81
-42 + 14 + (-39 - -49)
-18
What is 212 - 263 - (13 + -1 - (37 + -35))?
-61
What is the value of 12 - -115 - (41 - (42 + -32))?
96
(8 - -14 - 30) + -29
-37
What is the value of -1 - ((2 - 15) + (20 - 0) + 3)?
-11
Calculate 55 - (69 - 22) - (3 + 1).
4
What is 62 - (32 + -18 + 44)?
4
Evaluate (199 + 81 - 237) + (-26 - -1).
18
Calculate (-85 - (-2 + -4)) + 9 - -1 - (-9 - -10).
-70
What is 68 + (102 + -195 - 76)?
-101
Evaluate 9 + -1 + (38 - (-118 - -108)).
56
What is 41 + (-4 - (1 - 9))?
45
-172 - -209 - (21 + -4)
20
Calculate (4 - -9 - -18) + -18 - (2 + -52).
63
What is the value of 199 + -205 + 31 - (-1 + 58)?
-32
What is the value of (-5 - 16) + 24 + 1 + -3?
1
(-27 + 58 - 14) + 16 - (-1 - -12)
22
Calculate 95 - (177 + -109) - -19.
46
39 - ((-15 - 3) + 31 + 0)
26
What is 6 + (87 - 99) + (0 - 8) - 4?
-18
What is the value of -31 + (42 + 11 + -14 - -69)?
77
What is the value of 2 - ((8 - -1) + (-12 - -2 - 27))?
30
45 - (-15 + 11 + 37 - 14)
26
What is the value of 8 - (-8 - (-3 - (2 - 4) - (-39 - -33)))?
21
Calculate 0 - (3 - -1) - -3 - (11551 + -11560).
8
Evaluate -44 + (35 - (24 - 11)) + -26.
-48
Evaluate 116 - 78 - -46 - 7.
77
Evaluate 18 + 209 + -106 + 28.
149
What is the value of (-1 - -71) + -18 + (-7 - -6)?
51
What is -68 + 95 + (33 - 13)?
47
(-50 - (-57 - -30)) + 6 + -2 + 127
108
What is the value of (-19 - ((18 - 9) + 0 - (5 - -1))) + -4?
-26
-31 - (55 - 98) - (-28 - -5)
35
Calculate (22 + -9 - -1 - 12) + -9 + -16.
-23
Calculate 1 + (14 + -17 - 1 - (-7 - -16)).
-12
Evaluate -46 + -1 + (92 + -259 - -164).
-50
Calculate 11977 + -11985 + -1 + 1 + 82.
74
Calculate -70 - (-7 + 6 + (-20 + 22 - (2 - -6))).
-63
What is the value of 21 - ((7 - 17) + (3 - -7 - -2))?
19
Evaluate -5 + (-6 - -26) - 6 - (150 - 115).
-26
2 - ((-15 - 0) + 4 + 13)
0
(29 - (39 + -23)) + (-3 - -3)
13
What is the value of -15 - (-22 + 22 + 15 + -22)?
-8
What is -22 + 27 + -27 + (2 - -1)?
-19
What is -4540 + 4505 + (2 - -40)?
7
What is -51 + 54 - 52 - -82?
33
What is (100 - (88 - -40)) + 7?
-21
Calculate -61 + -25 + 33 + -9 + -13 + 1.
-74
102 - (4 + -80 + 125)
53
Evaluate -50 + 123 + -49 + -1 + 30.
53
Evaluate -38 + (10 - 3) + -2 + 3 + (38 - 30).
-22
-13 + -11 - -43 - (-9 + 17) - (29 + -3)
-15
Calculate 38 + (-2 - -12) + (17 - (-10 + 41)).
34
What is the value of (63 - 119 - (2 - -1)) + (3 - -5) + -2?
-53
What is the value of (-139 - -100) + 59 - (82 + 0)?
-62
What is the value of (-11 - -9) + -10 + (-11 - -12) + -2 + 120?
107
(-15 - (-26 - -14)) + (-9 - 28 - -7)
-33
-41 + (4 + (5 + 4 - 5) + -12 - 3)
-48
13 + (16 - 20) - (-